{"id":4166,"date":"2025-03-14T12:15:24","date_gmt":"2025-03-14T12:15:24","guid":{"rendered":"https:\/\/dacompanama.com\/site\/?post_type=product&#038;p=4166"},"modified":"2025-03-14T12:19:23","modified_gmt":"2025-03-14T12:19:23","slug":"mouse-inalambrico-para-pc","status":"publish","type":"product","link":"https:\/\/dacompanama.com\/site\/producto\/mouse-inalambrico-para-pc\/","title":{"rendered":"Mouse inal\u00e1mbrico para PC"},"content":{"rendered":"<p>El tama\u00f1o peque\u00f1o y el fluido control del cursor lo hace excelente para espacios de trabajo apretados y escritorios llenos de cosas. \u00a1Disfruta el mundo inal\u00e1mbrico!<\/p>\n<p class=\"cvGsUA direction-ltr align-start para-style-body\"><strong><span class=\"OYPEnA font-feature-liga-off font-feature-clig-off font-feature-calt-off text-decoration-none text-strikethrough-none\">Caracter\u00edsticas:<\/span><\/strong><\/p>\n<ul>\n<li><span class=\"OYPEnA font-feature-liga-off font-feature-clig-off font-feature-calt-off text-decoration-none text-strikethrough-none\"><strong>Dimensiones (alto x ancho x profundidad):<\/strong> 97,7 mmx 61,5 mm x 35,2 mm<\/span><\/li>\n<li><span class=\"OYPEnA font-feature-liga-off font-feature-clig-off font-feature-calt-off text-decoration-none text-strikethrough-none\"><strong>Peso del mouse:<\/strong> 70,5 g sin bater\u00eda<\/span><\/li>\n<li><span class=\"OYPEnA font-feature-liga-off font-feature-clig-off font-feature-calt-off text-decoration-none text-strikethrough-none\"><strong>Nano receptor (alto x ancho x profundidad):<\/strong> 6,6 mm x 14,4 mm x 18,7 mm<\/span><\/li>\n<li><span class=\"OYPEnA font-feature-liga-off font-feature-clig-off font-feature-calt-off text-decoration-none text-strikethrough-none\"><strong>Peso del nano receptor:<\/strong> 2,0 g<\/span><\/li>\n<li><span class=\"OYPEnA font-feature-liga-off font-feature-clig-off font-feature-calt-off text-decoration-none text-strikethrough-none\"><strong>Tipo de conexi\u00f3n:<\/strong> Tecnolog\u00eda inal\u00e1mbrica de 2,4 GHz<\/span><\/li>\n<li><span class=\"OYPEnA font-feature-liga-off font-feature-clig-off font-feature-calt-off text-decoration-none text-strikethrough-none\"><strong>Alcance inal\u00e1mbrico:<\/strong> 10 m<\/span><\/li>\n<li><span class=\"OYPEnA font-feature-liga-off font-feature-clig-off font-feature-calt-off text-decoration-none text-strikethrough-none\"><strong>Bater\u00eda:<\/strong> 1 bater\u00eda AA<\/span><\/li>\n<li><span class=\"OYPEnA font-feature-liga-off font-feature-clig-off font-feature-calt-off text-decoration-none text-strikethrough-none\"><strong>Duraci\u00f3n de bater\u00eda:<\/strong> 1 a\u00f1o<\/span><\/li>\n<\/ul>\n","protected":false},"excerpt":{"rendered":"<p>Listo a la vez que t\u00fa. Simplemente conecta el receptor en un puerto USB de tu dispositivo para comenzar a trabajar en cuesti\u00f3n de segundos.<\/p>\n<p><img decoding=\"async\" class=\"alignnone wp-image-4167 size-full\" src=\"https:\/\/dacompanama.com\/site\/wp-content\/uploads\/2025\/03\/logo-logi.jpg\" alt=\"\" width=\"157\" height=\"44\" \/><\/p>\n","protected":false},"featured_media":4131,"template":"","meta":[],"product_brand":[],"product_cat":[17],"product_tag":[],"class_list":{"0":"post-4166","1":"product","2":"type-product","3":"status-publish","4":"has-post-thumbnail","6":"product_cat-perifericos","7":"","8":"woocommerce-text-align-left","9":"woocommerce-image-align-center","10":"do-quantity-buttons","12":"first","13":"instock","14":"shipping-taxable","15":"product-type-simple"},"_links":{"self":[{"href":"https:\/\/dacompanama.com\/site\/wp-json\/wp\/v2\/product\/4166","targetHints":{"allow":["GET"]}}],"collection":[{"href":"https:\/\/dacompanama.com\/site\/wp-json\/wp\/v2\/product"}],"about":[{"href":"https:\/\/dacompanama.com\/site\/wp-json\/wp\/v2\/types\/product"}],"wp:featuredmedia":[{"embeddable":true,"href":"https:\/\/dacompanama.com\/site\/wp-json\/wp\/v2\/media\/4131"}],"wp:attachment":[{"href":"https:\/\/dacompanama.com\/site\/wp-json\/wp\/v2\/media?parent=4166"}],"wp:term":[{"taxonomy":"product_brand","embeddable":true,"href":"https:\/\/dacompanama.com\/site\/wp-json\/wp\/v2\/product_brand?post=4166"},{"taxonomy":"product_cat","embeddable":true,"href":"https:\/\/dacompanama.com\/site\/wp-json\/wp\/v2\/product_cat?post=4166"},{"taxonomy":"product_tag","embeddable":true,"href":"https:\/\/dacompanama.com\/site\/wp-json\/wp\/v2\/product_tag?post=4166"}],"curies":[{"name":"wp","href":"https:\/\/api.w.org\/{rel}","templated":true}]}}