{"id":4156,"date":"2025-03-13T23:41:04","date_gmt":"2025-03-13T23:41:04","guid":{"rendered":"https:\/\/dacompanama.com\/site\/?post_type=product&#038;p=4156"},"modified":"2025-03-14T00:23:29","modified_gmt":"2025-03-14T00:23:29","slug":"impresora-termica-zebra","status":"publish","type":"product","link":"https:\/\/dacompanama.com\/site\/producto\/impresora-termica-zebra\/","title":{"rendered":"Impresora t\u00e9rmica Zebra"},"content":{"rendered":"<p class=\"cvGsUA direction-ltr align-start para-style-body\"><span class=\"OYPEnA font-feature-liga-off font-feature-clig-off font-feature-calt-off text-decoration-none text-strikethrough-none\">Son las impresoras de escritorio m\u00e1s compactas de 2 pulgadas de Zebra, dise\u00f1adas para caber en casi cualquier lugar.<\/span><\/p>\n<p class=\"cvGsUA direction-ltr align-start para-style-body\"><strong><span class=\"OYPEnA font-feature-liga-off font-feature-clig-off font-feature-calt-off text-decoration-none text-strikethrough-none\">Caracter\u00edsticas:<\/span><\/strong><\/p>\n<ul>\n<li><span class=\"OYPEnA font-feature-liga-off font-feature-clig-off font-feature-calt-off text-decoration-none text-strikethrough-none\"><strong>M\u00e9todos de impresi\u00f3n:<\/strong> Transferencia t\u00e9rmica o t\u00e9rmica directa<\/span><\/li>\n<li><span class=\"OYPEnA font-feature-liga-off font-feature-clig-off font-feature-calt-off text-decoration-none text-strikethrough-none\"><strong>Lenguajes de programaci\u00f3n:<\/strong> ZPL y EPL<\/span><\/li>\n<li><span class=\"OYPEnA font-feature-liga-off font-feature-clig-off font-feature-calt-off text-decoration-none text-strikethrough-none\">Cinco \u00edconos de estado e interfaz de tres botones<\/span><\/li>\n<li><span class=\"OYPEnA font-feature-liga-off font-feature-clig-off font-feature-calt-off text-decoration-none text-strikethrough-none\">USB 2.0, USB host<\/span><\/li>\n<li><span class=\"OYPEnA font-feature-liga-off font-feature-clig-off font-feature-calt-off text-decoration-none text-strikethrough-none\">Aplicaci\u00f3n m\u00f3vil de configuraci\u00f3n de impresoras para Android y iOS a trav\u00e9s de<\/span><\/li>\n<li><span class=\"OYPEnA font-feature-liga-off font-feature-clig-off font-feature-calt-off text-decoration-none text-strikethrough-none\">una conexi\u00f3n Bluetooth de bajo consumo (BLE 5)*<\/span><\/li>\n<li><span class=\"OYPEnA font-feature-liga-off font-feature-clig-off font-feature-calt-off text-decoration-none text-strikethrough-none\">La funcionalidad BLE se proporciona solo para usarla con la aplicaci\u00f3n m\u00f3vil de configuraci\u00f3n de impresoras de Zebra.<\/span><\/li>\n<li><span class=\"OYPEnA font-feature-liga-off font-feature-clig-off font-feature-calt-off text-decoration-none text-strikethrough-none\"><strong>Dimensiones:<\/strong> 8,6 in L x 4,5 in An x 6,0 in Al 220 mm L x 115 mm A x 151 mm Al<\/span><\/li>\n<li><span class=\"OYPEnA font-feature-liga-off font-feature-clig-off font-feature-calt-off text-decoration-none text-strikethrough-none\"><strong>Peso:<\/strong> 2,2 lb\/1,0 kg<\/span><\/li>\n<\/ul>\n","protected":false},"excerpt":{"rendered":"<p><span class=\"OYPEnA font-feature-liga-off font-feature-clig-off font-feature-calt-off text-decoration-none text-strikethrough-none\"> Impresora confiable, con caracter\u00edsticas mejoradas, seguridad ytecnolog\u00eda de pr\u00f3xima generaci\u00f3n para ayudarle a trabajar de manera m\u00e1s inteligente y lograr m\u00e1s.<\/span><\/p>\n<p><img decoding=\"async\" class=\"alignnone wp-image-3699 size-full\" src=\"https:\/\/dacompanama.com\/site\/wp-content\/uploads\/2020\/10\/zebra-logo-e1603760216692.png\" alt=\"\" width=\"140\" height=\"66\" \/><\/p>\n","protected":false},"featured_media":4126,"template":"","meta":[],"product_brand":[],"product_cat":[17],"product_tag":[],"class_list":{"0":"post-4156","1":"product","2":"type-product","3":"status-publish","4":"has-post-thumbnail","6":"product_cat-perifericos","7":"","8":"woocommerce-text-align-left","9":"woocommerce-image-align-center","10":"do-quantity-buttons","12":"first","13":"instock","14":"shipping-taxable","15":"product-type-simple"},"_links":{"self":[{"href":"https:\/\/dacompanama.com\/site\/wp-json\/wp\/v2\/product\/4156","targetHints":{"allow":["GET"]}}],"collection":[{"href":"https:\/\/dacompanama.com\/site\/wp-json\/wp\/v2\/product"}],"about":[{"href":"https:\/\/dacompanama.com\/site\/wp-json\/wp\/v2\/types\/product"}],"wp:featuredmedia":[{"embeddable":true,"href":"https:\/\/dacompanama.com\/site\/wp-json\/wp\/v2\/media\/4126"}],"wp:attachment":[{"href":"https:\/\/dacompanama.com\/site\/wp-json\/wp\/v2\/media?parent=4156"}],"wp:term":[{"taxonomy":"product_brand","embeddable":true,"href":"https:\/\/dacompanama.com\/site\/wp-json\/wp\/v2\/product_brand?post=4156"},{"taxonomy":"product_cat","embeddable":true,"href":"https:\/\/dacompanama.com\/site\/wp-json\/wp\/v2\/product_cat?post=4156"},{"taxonomy":"product_tag","embeddable":true,"href":"https:\/\/dacompanama.com\/site\/wp-json\/wp\/v2\/product_tag?post=4156"}],"curies":[{"name":"wp","href":"https:\/\/api.w.org\/{rel}","templated":true}]}}