{"id":4149,"date":"2025-03-13T23:02:40","date_gmt":"2025-03-13T23:02:40","guid":{"rendered":"https:\/\/dacompanama.com\/site\/?post_type=product&#038;p=4149"},"modified":"2025-03-13T23:04:16","modified_gmt":"2025-03-13T23:04:16","slug":"pos-hka","status":"publish","type":"product","link":"https:\/\/dacompanama.com\/site\/producto\/pos-hka\/","title":{"rendered":"POS HKA"},"content":{"rendered":"<p class=\"cvGsUA direction-ltr align-start para-style-body\"><strong><span class=\"OYPEnA font-feature-liga-off font-feature-clig-off font-feature-calt-off text-decoration-none text-strikethrough-none\">Caracter\u00edsticas:<\/span><\/strong><\/p>\n<ul>\n<li class=\"cvGsUA direction-ltr align-start para-style-body\"><span class=\"OYPEnA font-feature-liga-off font-feature-clig-off font-feature-calt-off text-decoration-none text-strikethrough-none\">Procesador J1900<\/span><\/li>\n<li class=\"cvGsUA direction-ltr align-start para-style-body\">Disco duro 128 Gb<\/li>\n<li class=\"cvGsUA direction-ltr align-start para-style-body\">Estado S\u00f3lido (SSD) Memoria RAM<\/li>\n<li class=\"cvGsUA direction-ltr align-start para-style-body\">Pantalla principal DDR3 4Gb Pantalla LED, 15 Pulgadas Resoluci\u00f3n 1024 x 768 px 12V\/5A Wifi \/ Bluetooth \/ LAN Ethernet RJ45.<\/li>\n<li class=\"cvGsUA direction-ltr align-start para-style-body\">Sistema operativo Windows\u00ae 10 IOT Enterprise *Versi\u00f3n en espa\u00f1ol, con licencia Color Negro Dimensiones 480 x 320 x 430 mm<\/li>\n<li class=\"cvGsUA direction-ltr align-start para-style-body\">Peso: 7 kg<\/li>\n<\/ul>\n<p>&nbsp;<\/p>\n","protected":false},"excerpt":{"rendered":"<p><span class=\"OYPEnA font-feature-liga-off font-feature-clig-off font-feature-calt-off text-decoration-none text-strikethrough-none\">Todo en un solo equipo con la mejor relaci\u00f3n precio-valor en el mercado. R\u00e1pido, eficiente y robusto. Ideal para tiendas, restaurantes, cafeter\u00edas y panader\u00edas.<\/span><\/p>\n<p><img decoding=\"async\" class=\"alignnone wp-image-3787 size-full\" src=\"https:\/\/dacompanama.com\/site\/wp-content\/uploads\/2021\/10\/logo_hka.jpg\" alt=\"\" width=\"78\" height=\"41\" \/><\/p>\n","protected":false},"featured_media":4136,"template":"","meta":[],"product_brand":[],"product_cat":[33],"product_tag":[],"class_list":{"0":"post-4149","1":"product","2":"type-product","3":"status-publish","4":"has-post-thumbnail","6":"product_cat-pos","7":"","8":"woocommerce-text-align-left","9":"woocommerce-image-align-center","10":"do-quantity-buttons","12":"first","13":"instock","14":"featured","15":"shipping-taxable","16":"product-type-simple"},"_links":{"self":[{"href":"https:\/\/dacompanama.com\/site\/wp-json\/wp\/v2\/product\/4149","targetHints":{"allow":["GET"]}}],"collection":[{"href":"https:\/\/dacompanama.com\/site\/wp-json\/wp\/v2\/product"}],"about":[{"href":"https:\/\/dacompanama.com\/site\/wp-json\/wp\/v2\/types\/product"}],"wp:featuredmedia":[{"embeddable":true,"href":"https:\/\/dacompanama.com\/site\/wp-json\/wp\/v2\/media\/4136"}],"wp:attachment":[{"href":"https:\/\/dacompanama.com\/site\/wp-json\/wp\/v2\/media?parent=4149"}],"wp:term":[{"taxonomy":"product_brand","embeddable":true,"href":"https:\/\/dacompanama.com\/site\/wp-json\/wp\/v2\/product_brand?post=4149"},{"taxonomy":"product_cat","embeddable":true,"href":"https:\/\/dacompanama.com\/site\/wp-json\/wp\/v2\/product_cat?post=4149"},{"taxonomy":"product_tag","embeddable":true,"href":"https:\/\/dacompanama.com\/site\/wp-json\/wp\/v2\/product_tag?post=4149"}],"curies":[{"name":"wp","href":"https:\/\/api.w.org\/{rel}","templated":true}]}}