{"id":4146,"date":"2025-03-13T22:40:34","date_gmt":"2025-03-13T22:40:34","guid":{"rendered":"https:\/\/dacompanama.com\/site\/?post_type=product&#038;p=4146"},"modified":"2025-03-13T22:45:36","modified_gmt":"2025-03-13T22:45:36","slug":"pos-intel-all-in-one-americano-pte0605","status":"publish","type":"product","link":"https:\/\/dacompanama.com\/site\/producto\/pos-intel-all-in-one-americano-pte0605\/","title":{"rendered":"POS Intel All in One Americano &#8211; PTE0605"},"content":{"rendered":"<p class=\"cvGsUA direction-ltr align-start para-style-body\"><span class=\"OYPEnA font-feature-liga-off font-feature-clig-off font-feature-calt-off text-decoration-none text-strikethrough-none\">La construcci\u00f3n en grado industrial garantiza una larga vida \u00fatil, un trabajo estable y un ahorro de energ\u00eda significativo. La elegante y robusta base con cubierta magn\u00e9tica esconde los cables, los protege y organiza.<\/span><\/p>\n<p class=\"cvGsUA direction-ltr align-start para-style-body\"><strong><span class=\"OYPEnA font-feature-liga-off font-feature-clig-off font-feature-calt-off text-decoration-none text-strikethrough-none\">Caracter\u00edsticas:<\/span><\/strong><\/p>\n<ul>\n<li class=\"cvGsUA direction-ltr align-start para-style-body\"><span class=\"OYPEnA font-feature-liga-off font-feature-clig-off font-feature-calt-off text-decoration-none text-strikethrough-none\"><strong>Dimensiones:<\/strong> 330 mm x 290 mm x 210 mm<\/span><\/li>\n<li class=\"cvGsUA direction-ltr align-start para-style-body\"><strong>Peso:<\/strong> 4.6KG<\/li>\n<li class=\"cvGsUA direction-ltr align-start para-style-body\"><strong>Sistema operativo:<\/strong> (Opcional) Windows 7,8,10 y Linux Procesador Intel<\/li>\n<li class=\"cvGsUA direction-ltr align-start para-style-body\"><strong>Memoria:<\/strong> DDR4 de 8 GB expandible a 16GB<\/li>\n<li class=\"cvGsUA direction-ltr align-start para-style-body\"><strong>Almacenamiento:<\/strong> SSD de 240 GB expandible a 1 TB<\/li>\n<li class=\"cvGsUA direction-ltr align-start para-style-body\"><strong>Conectividad:<\/strong> Wi-Fi Doble banda 802.11ac, a\/b\/g, n Bluetooth 4.0 Ethernet 10\/100\/1000M RJ45 USB 6 puertos (4 USB 3.0 y 2 USB 2.0)<\/li>\n<li class=\"cvGsUA direction-ltr align-start para-style-body\"><strong>Tipo de pantalla:<\/strong> t\u00e1ctil<\/li>\n<\/ul>\n","protected":false},"excerpt":{"rendered":"<p><span class=\"OYPEnA font-feature-liga-off font-feature-clig-off font-feature-calt-off text-decoration-none text-strikethrough-none\">Cuenta con carcasa de aluminio,\u00a0 tarjeta madre sin ventilador personalizada para aplicaciones POS y unidad de estado s\u00f3lido para un rendimiento y confiabilidad a nivel empresarial.<\/span><\/p>\n<p><img decoding=\"async\" class=\"alignnone wp-image-3564\" src=\"https:\/\/dacompanama.com\/site\/wp-content\/uploads\/2020\/10\/logo_3nStar-Panama.png\" alt=\"\" width=\"165\" height=\"50\" \/><\/p>\n","protected":false},"featured_media":4134,"template":"","meta":[],"product_brand":[],"product_cat":[33],"product_tag":[],"class_list":{"0":"post-4146","1":"product","2":"type-product","3":"status-publish","4":"has-post-thumbnail","6":"product_cat-pos","7":"","8":"woocommerce-text-align-left","9":"woocommerce-image-align-center","10":"do-quantity-buttons","12":"first","13":"instock","14":"shipping-taxable","15":"product-type-simple"},"_links":{"self":[{"href":"https:\/\/dacompanama.com\/site\/wp-json\/wp\/v2\/product\/4146","targetHints":{"allow":["GET"]}}],"collection":[{"href":"https:\/\/dacompanama.com\/site\/wp-json\/wp\/v2\/product"}],"about":[{"href":"https:\/\/dacompanama.com\/site\/wp-json\/wp\/v2\/types\/product"}],"wp:featuredmedia":[{"embeddable":true,"href":"https:\/\/dacompanama.com\/site\/wp-json\/wp\/v2\/media\/4134"}],"wp:attachment":[{"href":"https:\/\/dacompanama.com\/site\/wp-json\/wp\/v2\/media?parent=4146"}],"wp:term":[{"taxonomy":"product_brand","embeddable":true,"href":"https:\/\/dacompanama.com\/site\/wp-json\/wp\/v2\/product_brand?post=4146"},{"taxonomy":"product_cat","embeddable":true,"href":"https:\/\/dacompanama.com\/site\/wp-json\/wp\/v2\/product_cat?post=4146"},{"taxonomy":"product_tag","embeddable":true,"href":"https:\/\/dacompanama.com\/site\/wp-json\/wp\/v2\/product_tag?post=4146"}],"curies":[{"name":"wp","href":"https:\/\/api.w.org\/{rel}","templated":true}]}}