{"id":4081,"date":"2025-03-12T17:11:06","date_gmt":"2025-03-12T17:11:06","guid":{"rendered":"https:\/\/dacompanama.com\/site\/?post_type=product&#038;p=4081"},"modified":"2025-03-12T17:28:35","modified_gmt":"2025-03-12T17:28:35","slug":"caja-registradora-fiscat","status":"publish","type":"product","link":"https:\/\/dacompanama.com\/site\/producto\/caja-registradora-fiscat\/","title":{"rendered":"Caja Registradora Fiscat"},"content":{"rendered":"<p class=\"cvGsUA direction-ltr align-start para-style-body\"><span class=\"OYPEnA font-feature-liga-off font-feature-clig-off font-feature-calt-off text-decoration-none text-strikethrough-none\">Equipado con 72 llaves y una impresora de recibo de corte autom\u00e1tico de 80 mm, es ideal para el negocio del restaurante con nuestro software de restaurante integrado.<\/span><\/p>\n<p class=\"cvGsUA direction-ltr align-start para-style-body\"><strong><span class=\"OYPEnA font-feature-liga-off font-feature-clig-off font-feature-calt-off text-decoration-none text-strikethrough-none\">Caracter\u00edsticas:<\/span><\/strong><\/p>\n<ul>\n<li class=\"cvGsUA direction-ltr align-start para-style-body\"><span class=\"OYPEnA font-feature-liga-off font-feature-clig-off font-feature-calt-off text-decoration-none text-strikethrough-none\">Velocidad de impresi\u00f3n r\u00e1pida de hasta 130 mm \/ s<\/span><\/li>\n<li class=\"cvGsUA direction-ltr align-start para-style-body\">M\u00e1quinas autom\u00e1ticas de corte 2 millones de cortes<\/li>\n<li class=\"cvGsUA direction-ltr align-start para-style-body\">Dise\u00f1o de papel de carga f\u00e1cil<\/li>\n<li class=\"cvGsUA direction-ltr align-start para-style-body\">Compatible con impresoras de 58 mm \/ 80 mm<\/li>\n<li class=\"cvGsUA direction-ltr align-start para-style-body\">Blusa de 72 teclas, dise\u00f1o c\u00f3modo y f\u00e1cil de operar<\/li>\n<li class=\"cvGsUA direction-ltr align-start para-style-body\">Teclas extra\u00edbles para su propio dise\u00f1o de teclado<\/li>\n<li class=\"cvGsUA direction-ltr align-start para-style-body\">Puertos de comunicaci\u00f3n complejos para diversos dispositivos perif\u00e9ricos\n<ul>\n<li class=\"cvGsUA direction-ltr align-start para-style-body\">WiFi incorporado y Bluetooth<\/li>\n<li class=\"cvGsUA direction-ltr align-start para-style-body\">GPR incorporado<\/li>\n<\/ul>\n<\/li>\n<li class=\"cvGsUA direction-ltr align-start para-style-body\">Personalizaci\u00f3n seg\u00fan sus necesidades<\/li>\n<\/ul>\n<p class=\"cvGsUA direction-ltr align-start para-style-body\">\n","protected":false},"excerpt":{"rendered":"<p><span class=\"OYPEnA font-feature-liga-off font-feature-clig-off font-feature-calt-off text-decoration-none text-strikethrough-none\">Equipo compacto, con un dise\u00f1o \u00fanico e inteligente que ofrece un rendimiento s\u00faper f\u00e1cil de usar, especialmente en restaurantes y comercio minorista.<\/span><\/p>\n<p><img decoding=\"async\" class=\"alignnone wp-image-4082 size-full\" src=\"https:\/\/dacompanama.com\/site\/wp-content\/uploads\/2025\/03\/logo-fiscat.jpg\" alt=\"\" width=\"158\" height=\"50\" \/><\/p>\n","protected":false},"featured_media":4066,"template":"","meta":[],"product_brand":[],"product_cat":[32],"product_tag":[],"class_list":{"0":"post-4081","1":"product","2":"type-product","3":"status-publish","4":"has-post-thumbnail","6":"product_cat-facturacion-electronica","7":"","8":"woocommerce-text-align-left","9":"woocommerce-image-align-center","10":"do-quantity-buttons","12":"first","13":"instock","14":"shipping-taxable","15":"product-type-simple"},"_links":{"self":[{"href":"https:\/\/dacompanama.com\/site\/wp-json\/wp\/v2\/product\/4081","targetHints":{"allow":["GET"]}}],"collection":[{"href":"https:\/\/dacompanama.com\/site\/wp-json\/wp\/v2\/product"}],"about":[{"href":"https:\/\/dacompanama.com\/site\/wp-json\/wp\/v2\/types\/product"}],"wp:featuredmedia":[{"embeddable":true,"href":"https:\/\/dacompanama.com\/site\/wp-json\/wp\/v2\/media\/4066"}],"wp:attachment":[{"href":"https:\/\/dacompanama.com\/site\/wp-json\/wp\/v2\/media?parent=4081"}],"wp:term":[{"taxonomy":"product_brand","embeddable":true,"href":"https:\/\/dacompanama.com\/site\/wp-json\/wp\/v2\/product_brand?post=4081"},{"taxonomy":"product_cat","embeddable":true,"href":"https:\/\/dacompanama.com\/site\/wp-json\/wp\/v2\/product_cat?post=4081"},{"taxonomy":"product_tag","embeddable":true,"href":"https:\/\/dacompanama.com\/site\/wp-json\/wp\/v2\/product_tag?post=4081"}],"curies":[{"name":"wp","href":"https:\/\/api.w.org\/{rel}","templated":true}]}}