{"id":4047,"date":"2025-02-21T18:39:23","date_gmt":"2025-02-21T18:39:23","guid":{"rendered":"https:\/\/dacompanama.com\/site\/?post_type=product&#038;p=4047"},"modified":"2025-04-01T23:22:07","modified_gmt":"2025-04-01T23:22:07","slug":"scanner-3nstar-sc550-1d-2d-usb-1y","status":"publish","type":"product","link":"https:\/\/dacompanama.com\/site\/producto\/scanner-3nstar-sc550-1d-2d-usb-1y\/","title":{"rendered":"Scanner 3NSTAR SC550 1D\/2D USB 1Y"},"content":{"rendered":"<p>No importa qu\u00e9 c\u00f3digos de barras aparezcan en su POS, el SC550 puede escanearlos a todos; 1D, 2D, impreso y electr\u00f3nico.<\/p>\n<p><strong>Omnidireccional:<\/strong> Provee mayor flexibilidad y capacidad de adaptaci\u00f3n a los productos, que los populares lectores de mano.<br \/>\nGran Capacidad de Lectura: Rendimiento de escaneo excepcional en c\u00f3digos de barras 1D y 2D, adem\u00e1s de la capacidad de leer pantallas de tel\u00e9fonos inteligentes, billeteras digitales y tarjetas de identificaci\u00f3n impresas.<\/p>\n<p><strong>Activaci\u00f3n autom\u00e1tica:<\/strong> Con solo presentar el producto ante el lector, este se activa, facilitando as\u00ed la operaci\u00f3n.<\/p>\n<p>Con su dise\u00f1o compacto y moderno y sus grande capacidad de lectura, el SC550 se adapta f\u00e1cilmente a los espacios existentes utilizados en \u00e1reas de pago minorista de gran volumen, como tiendas de conveniencia, farmacias, licorer\u00edas y supermercados.<\/p>\n<p>&nbsp;<\/p>\n","protected":false},"excerpt":{"rendered":"<p>El SC550 es un esc\u00e1ner de mostrador que ofrece un conjunto de caracter\u00edsticas que lo coloca en la cima de su clase por su rendimiento, facilidad de implementaci\u00f3n y costo total de propiedad.<\/p>\n<p><img decoding=\"async\" class=\"alignnone wp-image-3564\" src=\"https:\/\/dacompanama.com\/site\/wp-content\/uploads\/2020\/10\/logo_3nStar-Panama.png\" alt=\"\" width=\"165\" height=\"50\" \/><\/p>\n","protected":false},"featured_media":4048,"template":"","meta":[],"product_brand":[],"product_cat":[34],"product_tag":[],"class_list":{"0":"post-4047","1":"product","2":"type-product","3":"status-publish","4":"has-post-thumbnail","6":"product_cat-lectores-de-codigos-de-barras","7":"","8":"woocommerce-text-align-left","9":"woocommerce-image-align-center","10":"do-quantity-buttons","12":"first","13":"instock","14":"shipping-taxable","15":"product-type-simple"},"_links":{"self":[{"href":"https:\/\/dacompanama.com\/site\/wp-json\/wp\/v2\/product\/4047","targetHints":{"allow":["GET"]}}],"collection":[{"href":"https:\/\/dacompanama.com\/site\/wp-json\/wp\/v2\/product"}],"about":[{"href":"https:\/\/dacompanama.com\/site\/wp-json\/wp\/v2\/types\/product"}],"wp:featuredmedia":[{"embeddable":true,"href":"https:\/\/dacompanama.com\/site\/wp-json\/wp\/v2\/media\/4048"}],"wp:attachment":[{"href":"https:\/\/dacompanama.com\/site\/wp-json\/wp\/v2\/media?parent=4047"}],"wp:term":[{"taxonomy":"product_brand","embeddable":true,"href":"https:\/\/dacompanama.com\/site\/wp-json\/wp\/v2\/product_brand?post=4047"},{"taxonomy":"product_cat","embeddable":true,"href":"https:\/\/dacompanama.com\/site\/wp-json\/wp\/v2\/product_cat?post=4047"},{"taxonomy":"product_tag","embeddable":true,"href":"https:\/\/dacompanama.com\/site\/wp-json\/wp\/v2\/product_tag?post=4047"}],"curies":[{"name":"wp","href":"https:\/\/api.w.org\/{rel}","templated":true}]}}